 2*c - 2*c. Let u(s) = 5*s + 230. Let m be u(-47). Calculate the remainder when f(m) is divided by 33.
30
Calculate the remainder when 441/(2376/154 + -15) is divided by 329.
42
Suppose -14 = -4*q + 38. Let f(b) = -b + 36. Calculate the remainder when f(-21) is divided by q.
5
Suppose -9*r - 444 = -7*r. Let v = r + 545. Calculate the remainder when v is divided by 25.
23
Suppose -520 = 2*f - 6*t + 2*t, -3*f = t + 745. Let y = f - -329. What is the remainder when y is divided by 16?
15
Suppose -n + 0 = -3 - 2. Let m(q) = -q**3 + 4*q**2 - 3*q. What is the remainder when n is divided by m(2)?
1
Suppose 840 = -15*v + 50*v. What is the remainder when 1795 is divided by v?
19
Let a = 4335 - 4233. What is the remainder when a is divided by 56?
46
Let l = -185 + 160. What is the remainder when -1 + (76 - -1) - (l + 27) is divided by 11?
8
Suppose 4*b - 871 + 867 = -4*o, -5*b + 17 = 3*o. What is the remainder when 3000 is divided by b?
4
Let l = 262 - 227. Suppose -49*x + 51*x + k - l = 0, -k + 92 = 5*x. What is the remainder when x is divided by (-1 + 7)/2 + 1?
3
Let t(g) = 381*g - 694. What is the remainder when t(3) is divided by 57?
50
Suppose 4*a - 22 = 3*a - 5*q, -38 = -a + 3*q. Let d(o) = 2*o**2 + 2*o. What is the remainder when d(4) is divided by a?
8
Let p(d) = 5*d**2 + 131*d + 690. Calculate the remainder when 1252 is divided by p(-5).
132
Let h(b) = 3*b**2 + 350 - 356 - 4*b + b**2. Suppose 0 = -13*o + 11*o + 30. Calculate the remainder when h(-3) is divided by o.
12
Let u(g) = 78*g**2 + 1. Let v(r) = -r**2 - 14*r - 12. Let t be v(-1). What is the remainder when u(t) is divided by 23?
10
Suppose 0 = 3*b + z - 7 + 1, -z = b. Let x = 26 - -96. Suppose -b*y = -5*u - 6*y + x, -5*u = -4*y - 129. Calculate the remainder when 96 is divided by u.
21
Suppose -i - 9 = -4*r, 57 = 3*i + 2*r + 14. Suppose -7966*p = -7957*p - 414. What is the remainder when p is divided by i?
2
Suppose -567*p + 44341 = -986465. Calculate the remainder when p is divided by 107.
106
Let m(j) = -j - 43. Let s(u) = u. Let k(v) = m(v) - 6*s(v). Calculate the remainder when (-3)/(6/4) + 61 is divided by k(-9).
19
Suppose 28 = a + 5*l, 4*a - 212 = 2*l + 3*l. Suppose -84 = -60*t + a*t. Calculate the remainder when 73 is divided by t.
3
Let p = -242 - -469. Suppose p*y + 260 = 232*y. Calculate the remainder when y is divided by 46.
6
Let j be 69 - (-2 + 3 + -3). Suppose 2*b = 125 + j. Calculate the remainder when b is divided by 32 - ((-1)/(-3))/(5/(-15)).
32
Let y be 4/((-24)/(-99))*(-392)/(-21). Let m = y - 104. What is the remainder when m is divided by 52?
48
Let k be (-36 + 2 + -5)*1. Let m = -14 - k. Suppose 3*c = -0*c + 27. Calculate the remainder when m is divided by c.
7
Let g(w) = -w**2 - 136*w + 169. What is the remainder when 349 is divided by g(0)?
11
Suppose -7*q + 19298 = 4*k - 9*q, -3 = q. What is the remainder when k is divided by 72?
71
Let k(g) = -7*g**2 - 107*g + 164. Calculate the remainder when 174 is divided by k(-16).
6
Suppose -l + 737 = -5*o, -18*o + 3*l = -15*o + 447. Let h = 219 + o. Suppose 0 = -3*u + 6*u - 75. Calculate the remainder when h is divided by u.
22
Suppose 0 = 4*t - 14 + 2, 2894 = 2*d - 6*t. What is the remainder when d is divided by 81?
79
Calculate the remainder when 8850 is divided by -26 - (-250 + (21 - 13)).
210
Let x = -362 + 678. Suppose -3*c + 237 = 3*t, -4*c + 2*t + x = t. What is the remainder when c is divided by 27?
25
Let g(v) = -19*v. Suppose -3*m - 29 = -26. Suppose 3*j - 228 = 3*k, 56 = j + 4*k - 0*k. What is the remainder when j is divided by g(m)?
15
Suppose 29*u - 19*u - 1190 = 0. Suppose 0 = 3*x + 15, -9 = -2*y - 4*x + 31. Calculate the remainder when u is divided by y.
29
Let z(f) = f**3 - 25*f**2 - 54*f + 19. Calculate the remainder when 301 is divided by z(27).
16
Let k(d) = d**2 + d. Let u be k(5). Let l = 60 - u. What is the remainder when (19 - -7)/((-6)/(-27)) is divided by l?
27
Suppose -857*r + 1590 = -827*r. What is the remainder when 317 is divided by r?
52
Suppose -6*u + 156 = 36. Suppose -29*x - 833 = -36*x. Calculate the remainder when x is divided by u.
19
Let b = 19885 + -19772. Calculate the remainder when 360 is divided by b.
21
Suppose 0 = -89*f + 9666 + 3526 + 10126. Calculate the remainder when f is divided by 8.
6
Let r(h) = h**3 - 3*h**2 - 10*h + 4. Let z be r(5). Suppose -z*s - 1 = 15. Calculate the remainder when ((-24)/(-36))/(s/(-138)) is divided by 10.
3
Let m = 16087 + -16083. What is the remainder when 2264 is divided by m?
0
Let f(j) = -8*j - 156. What is the remainder when (-3 + -713)*3/(-6) is divided by f(-22)?
18
Suppose 21*z - 30 = 19*z - 5*i, 4*z - 3*i - 86 = 0. What is the remainder when 514 is divided by z?
14
Suppose -2*p - 3*c = 3*p - 10, -4*c + 2 = p. Suppose 0 = 4*h + 20, 0*h = 2*r - p*h - 1086. Calculate the remainder when r is divided by 49.
48
Let i(s) = 482*s**2 + 12*s + 1. What is the remainder when i(1) is divided by 31?
30
Suppose 2*o = -3*q + 510, -125*q - 171 = -126*q - o. Let a(f) = 14*f - 15. What is the remainder when q is divided by a(2)?
12
Suppose -h + 18*h = 561. What is the remainder when h is divided by 60/90*57/2?
14
Let n(t) = 6*t - 31. Let l be n(9). Suppose -d + 0*d = -l. Calculate the remainder when d is divided by 6.
5
Suppose 184*b = 170*b + 1638. Calculate the remainder when b is divided by 102.
15
Let m be (1 + 1)*(-18)/12. Let x be ((-2)/m)/(7*(-10)/(-17955)). Calculate the remainder when 143 is divided by x/6 - 2/(-4).
27
Let v(r) = -r**2 + 10*r - 21. Let a be v(5). Let o(w) = -7*w - a + 8 - w**2 + 13. Calculate the remainder when 66 is divided by o(-7).
15
Suppose 156*u - 153*u + 2*f - 63 = 0, -2*u = 3*f - 47. What is the remainder when u is divided by 1?
0
Let h(y) = -y**3 - 7*y**2 + 36. Let l be h(-6). Suppose 16*t - 12*t = l. Suppose 4*p - 68 - 60 = t. What is the remainder when p is divided by 10?
2
Suppose 8*y = x + 9*y - 2, x + 10 = 2*y. Let f(q) = 3*q**2 - 4*q - 9. What is the remainder when 19 is divided by f(x)?
8
Let z(n) = n**3 + 4*n**2 - 70*n + 56. Calculate the remainder when 4197 is divided by z(7).
102
Let m = 27672 - 27359. What is the remainder when m is divided by 141?
31
Suppose -4*m + 2*h = 3304, 11*m - 15*m - 3312 = -4*h. Let s = -802 - m. Calculate the remainder when 987 is divided by s.
19
Let n be 3/(-3) + 1 - (-9 + 108). Calculate the remainder when 58 is divided by n/(-3)*(1 + -1 + 1).
25
Suppose 2*w - 44 = -u, -3*u + 41 + 28 = 3*w. Suppose -12*b = w - 3369. What is the remainder when b is divided by 7?
6
Let q(j) = -2*j**2 + 33*j + 37. Let g be q(19). Calculate the remainder when 239 is divided by (6 - g) + 5/((-20)/16).
59
Let j be (2/(-10) - 0) + 9/(-5). Calculate the remainder when 0 - ((-478)/4 - j/4) is divided by 0 - -16 - 3/3.
14
Let v(q) = 204*q**2 - 35*q - 132. What is the remainder when v(-5) is divided by 45?
13
Suppose -2*g - 3*x + 443 = 0, -17*g + 18*g - 224 = -2*x. Suppose 4*d - 34 = d - 4*n, -4*n - 92 = -4*d. Calculate the remainder when g is divided by d.
16
Let n(t) = t**2 + 23*t + 50. Let z be n(-21). Calculate the remainder when 54/(-36) + 500/z is divided by 8.
5
Let i(t) = -4*t + 11. Suppose x - 5*x - 24 = 0. Let c = -718 + 786. Calculate the remainder when c is divided by i(x).
33
Let l = -62 - -96. Let k(v) = 2*v + 116. Let r = -331 - -306. Calculate the remainder when k(r) is divided by l.
32
Let x(n) = -4*n**3 - 17*n**2 - 6*n + 9. Let s = 5 + -2. Suppose -j - 40 = -5*j + s*d, 4*j - 4*d = 40. What is the remainder when x(-4) is divided by j?
7
What is the remainder when (11/4)/((-360)/(-15840)) is divided by 40?
1
Suppose -1328 = 77*s - 85*s. What is the remainder when 1159 is divided by s?
163
Let p(v) = v**3 - 10*v**2 - 24*v + 4. Let h be p(12). Calculate the remainder when (4/(-6))/(h*(-4)/96) is divided by 3.
1
Suppose -41*c + 141*c - 33200 = 0. Calculate the remainder when c is divided by 18.
8
Suppose 4*z - 626 = 2*a, 3*z + 5*a - 162 = 2*z. Suppose -4*c - 44 = i, i - 2*c - 118 = 3*i. Let x = z + i. Calculate the remainder when x is divided by 24.
21
Suppose 2*m + t + 21 = 0, 5*m + 20 = -t + 5*t. Let f be (8/m)/((-3)/42). What is the remainder when (-462)/(-49)*f/2 is divided by 17?
15
Suppose 517*k - 506*k - 8492 = 0. Let t = k - 750. What is the remainder when 281 is divided by t?
17
Let